= 22 - c. Let q(u) = -2*u + 4. Give q(a).
-8
Let f = 12 + -18. Let x(u) = u**2 + 7*u + 5. Let c be x(f). Let s(a) = 5*a**3 - a**2 + 1. Determine s(c).
-5
Let q(p) = p**3 - 4*p**2 + 3*p + 3. Let c(m) = -7*m**2 + 13*m + 11. Let z(y) = -20*y**2 + 38*y + 32. Let r(o) = 17*c(o) - 6*z(o). Let i be r(8). Give q(i).
3
Let w be 1/(2 - (-25)/(-15)). Let b(f) be the first derivative of -2 + 1/3*f**w + 2*f + 2*f**2. Determine b(-3).
-1
Suppose 2*n + 5 - 1 = 0. Let k(o) be the second derivative of o**3/3 - o. What is k(n)?
-4
Let y = -41 - -61. Let j = y - 17. Let a(w) = w**3 - w**2 - 5*w + 4. Calculate a(j).
7
Let v(u) be the second derivative of u**3/3 - 5*u**2/2 + 16*u. Calculate v(4).
3
Let a be -3 + 2*(-3 + 2). Suppose 2*w = -0*w + 2. Let l(j) = 0 + 1 + j + w. Calculate l(a).
-3
Let i(v) = v**3 - 3*v**2 - 4*v + 1. Suppose u - 3 = -p, -4*u + 2*u + 12 = 4*p. Suppose -5*s + 30 - 10 = u. Calculate i(s).
1
Let l(v) = -v**2 - v + 3. Let b be 2/(-10) - 10/(-50). Calculate l(b).
3
Let v(d) be the second derivative of -d**4/12 - 2*d**3/3 + d**2 - 16*d. Calculate v(-3).
5
Let a(r) be the first derivative of r**4/12 - r**2 + 1. Let k(i) be the second derivative of a(i). What is k(4)?
8
Let z(x) = x - 1. Let l(w) = -3*w + 4. Let m(k) = l(k) + 4*z(k). Determine m(5).
5
Let m(v) = -v + 7. Let l = 2 - 1. Let r(j) = -5*j - 3 - l + 4*j - 1. Let t be r(-9). What is m(t)?
3
Let f(r) = -r**2 + 3*r - 1. Let w(i) = 2*i + 4. Let h be w(-4). Let a = 8 - h. Let b be a/(-28) + (-17)/(-7). Determine f(b).
1
Let p(b) be the first derivative of 1/3*b**3 - 1/4*b**4 + 0*b - 3 + 0*b**2. Give p(0).
0
Let a(r) = r**2 - 9*r - 2. Let h = -86 + 95. What is a(h)?
-2
Let c(b) = -2*b**3 - 4*b**2 - 4. Let t be 4/6*((-39)/6 - -2). Give c(t).
14
Let k(r) = -6*r - 1. Suppose -5*t = -3*t - 6. Suppose 8*l - 5 = t*l. Determine k(l).
-7
Let v(b) be the first derivative of 1 - 1/2*b**2 + b. Suppose 0 = -3*q + 6*q + 9. What is v(q)?
4
Let m(s) = 6*s + 1. Let x(l) = l**2 + l + 2. Let y be x(0). Determine m(y).
13
Suppose 2*b = 3*f - 2*b + 6, -2*b = -3*f. Let c(r) = 2*r + 5. Let i(y) = -3*y - 9. Let q(h) = 11*c(h) + 6*i(h). Give q(f).
9
Let n(t) = -t**3 + 25*t - 18*t - 2 - 4 - 6*t**2. Determine n(-7).
-6
Let g(k) = 3*k**2 - 11*k - 2. Let d(i) = 7*i**2 - 23*i - 5. Let x(t) = -4*d(t) + 9*g(t). Give x(-7).
2
Let m(v) = 3*v**2 - 5 + 2*v**3 - 4*v**3 + 0*v**2 + v**3 + 7*v. Let y(c) = -2*c - 12. Let r be y(-8). Give m(r).
7
Let r(p) = -p - 5. Let w be r(-7). Let i(j) = -2*j**2 - 3 + 2*j**2 - j**w + 1. What is i(-2)?
-6
Let j be 8/(-6) - -2 - 2/3. Let o(z) = -z**3 + z + 3. Calculate o(j).
3
Let z(d) = -16 + 6 + 12 - 2*d. What is z(4)?
-6
Let a(k) = 4*k**2 + 4*k + 3. Let d(o) = 3*o**2 + 3*o + 2. Let r(v) = -4*a(v) + 5*d(v). What is r(-2)?
-4
Let k(r) = r**2 - 1 + 4*r + 0 + 7. Suppose -15 - 6 = -2*s - 5*h, 4*h = -2*s + 18. Suppose 3*u = 3*i, 4*i = 5*u + s*i + 16. What is k(u)?
6
Suppose 2*g = -0*g + 10. Let a(v) be the second derivative of v + 1/12*v**4 + 0 - 5/6*v**3 + 3/2*v**2. What is a(g)?
3
Suppose -4*m + 54 - 42 = 0. Let v(z) = z**3 - 5*z**2 + 5*z - 2. Give v(m).
-5
Let p(t) be the third derivative of -t**6/120 - t**5/10 + 5*t**3/6 - 2*t**2 - 14. Calculate p(-6).
5
Suppose 0*x = -4*x + 20. Let k = -8 + 13. Let m(h) = -5*h + h**3 - h**2 - 3*h**2 - h + k + 0*h**2. Calculate m(x).
0
Let d(w) = 5*w - 2*w - 7 + 0*w + 1. What is d(5)?
9
Let k(n) be the third derivative of -7/120*n**6 + 1/24*n**4 + 0 + 3*n**2 + 0*n**3 + 0*n**5 + 0*n. Give k(1).
-6
Let n(r) = 1 - 7 + 5 + 3*r**3. Determine n(1).
2
Let l(m) = -m**3 + 2. Let n = 2 - 1. Let q be (12/(-3))/(n/1). Let s = 6 + q. Calculate l(s).
-6
Let k(v) = -v**3 + 2*v**2 + 3*v + 3. Let l be k(3). Let c = l - -1. Suppose -14 = c*w - 6. Let p(f) = f + 2. Calculate p(w).
0
Let h(t) be the second derivative of -t**4/12 - t**3/2 - t. Let q be 60/18 + (-1)/3. Suppose -r - 7*y = -q*y + 14, 0 = -5*r - 2*y - 16. Give h(r).
2
Let k(u) be the second derivative of -u**3/3 - 3*u**2 - 7*u + 4. Determine k(5).
-16
Let o be (0*(0 + -1))/(-2). Suppose 3*p = -o*p + 6. Let i(x) = x**2 - 2*x + 1. What is i(p)?
1
Suppose 2*t - t = 6. Let k(w) be the first derivative of -w**2/2 - 9. Calculate k(t).
-6
Suppose 0 = a + 3*a. Let p = a - -4. Let c(t) = p*t**2 - 4 + 4*t**3 - t**3 - t - 2*t**3. What is c(-4)?
0
Let m(u) = u**2 + 6*u + 6. Let x(a) = 1. Let n(b) = -m(b) + 3*x(b). Suppose -20*g - 33 - 47 = 0. What is n(g)?
5
Let h(v) = 5*v - v - v - v. Suppose -i = -2*z + 1 - 5, 5*i - 2*z = -4. Calculate h(i).
-4
Let s(t) = 3*t + 2. Let g be (-12)/9 + 21/9. Let o be s(g). Let c(v) = 2*v**2 - 8*v + 5. Give c(o).
15
Let c(w) = -w**2 + 2*w - 1. Suppose -5*i + 7 = -2*m - 1, 0 = -3*m - 5*i + 38. Suppose 2*a = m*a - 88. Suppose -5*h + a = 4*s, 4*s = -5*h - s + 25. Give c(h).
-1
Let t(h) = 2*h**2 + h - 2. Let r(y) = -y**3 - 3*y**2 + 4*y + 2. Let w be r(-4). Suppose z + w*z + 6 = 0. Calculate t(z).
4
Let s(t) = -6 + 5*t - t**2 + 0*t - 11*t. What is s(-6)?
-6
Suppose -3*w = -5*t - 12 - 3, 4*t + 3*w = -12. Let c(y) = y**3 + 3*y**2 - y + 3. Calculate c(t).
6
Let v(x) = 9*x**3 + 6*x + 7. Let o(g) = 28*g**3 + 17*g + 20. Let q(f) = -6*o(f) + 17*v(f). Calculate q(1).
-16
Let p(u) be the second derivative of -5*u**4/24 + u**2/2 - 4*u. Let y(o) be the first derivative of p(o). Let g = -1 - -2. Calculate y(g).
-5
Let d(s) be the third derivative of -3*s**6/40 + s**4/12 + s**3/6 + s**2. Give d(-1).
8
Suppose 3*w + 7 = -8, -2*c = 4*w + 26. Let u(k) = 11*k - 1. Let q(z) = 5*z. Let p(y) = -9*q(y) + 4*u(y). What is p(c)?
-1
Suppose 3*o - 5*z - 8 = 0, -2*o = -4*o + 4*z + 8. Let g(n) = -3*n + 4*n + 0*n. Give g(o).
-4
Let x(u) be the first derivative of -u**5/60 + u**4/4 + u**3 + 1. Let a(s) be the third derivative of x(s). Give a(5).
-4
Let k(f) = -5 + f**3 + f**2 + 12*f**2 + 0*f**3 - 8*f**2 - 5*f. Give k(-6).
-11
Let i(r) = 4*r**3 + 5*r**2 - 4*r - 6. Let b(y) be the third derivative of -y**6/120 + y**4/24 - 4*y**2. Let a(q) = 5*b(q) + i(q). Calculate a(5).
-1
Let x(r) = r**2. Let m be 1*(-1 + 0) - -7. Let q = 26 - 18. Let b be m*2/q*2. What is x(b)?
9
Let m(o) = o**3 + 5*o**2 + 2*o - 4. Suppose -7 - 5 = -3*l. Suppose -p = -l*p - 12. Determine m(p).
4
Suppose 0 = -m + 5*w + 3 + 14, -5 = w. Let n = m - -13. Let p(k) = k**2 - 4*k + 0*k - 1 - 2. Give p(n).
2
Let f(h) = 1. Let z(m) = -m + 1. Let p(w) = -3*f(w) - 3*z(w). What is p(4)?
6
Let n(x) = 17*x**3 + 3*x**2 - 6*x + 11. Let f(k) = 11*k**3 + 2*k**2 - 4*k + 7. Let d(r) = -8*f(r) + 5*n(r). Give d(1).
-3
Let v(m) = m. Let t be v(6). Let c(a) = 2*a**2 - 11*a + 5. Let k(o) = 3*o**2 - 16*o + 7. Let w(y) = 8*c(y) - 5*k(y). Determine w(t).
-7
Let b = 0 + 0. Let i(w) = -w**2 + w - 6. Let n be i(b). Let v(l) = -l**3 - 7*l**2 - 5*l + 3. Calculate v(n).
-3
Suppose 40 = 3*s - 4*t, 2*t = 4*t + 8. Suppose 2*g - 2 = -s. Let q(a) = -a**3 - 2*a**2 + 3*a - 2. What is q(g)?
-2
Let d(t) = 2*t**2 + 2*t - 2. Suppose -2 - 2 = -4*w + y, -3*w - 5*y = -26. Suppose 0 = w*s - 12 + 18. What is d(s)?
10
Let n(i) be the first derivative of -i**6/360 - i**5/30 + i**4/24 - 2*i**3/3 - 1. Let h(k) be the third derivative of n(k). Let t = 15 - 18. Calculate h(t).
4
Let o(f) = -2*f - 6. Let z(q) = -3 + 7 - 2 - 3*q. Let i be z(2). Calculate o(i).
2
Let i(x) = -1. Let r(w) = 2*w**2 + 5*w - 5. Let q(j) = -j**2 - 2*j + 3. Let b(m) = -7*q(m) - 3*r(m). Let g(p) = -b(p) + 6*i(p). Determine g(1).
0
Let x(i) = i + 3. Let s(f) = 2*f + 6. Let h be s(-5). Let r be 5*(4 - 6) - h. What is x(r)?
-3
Let p(l) be the third derivative of l**5/60 + l**4/8 - 5*l**3/6 - 20*l**2. Give p(-6).
13
Let d(i) = -3*i + 5. Let z be 1 + (-2 - 1) + 2. Suppose -8 = -z*n - 2*n. Determine d(n).
-7
Let x(v) = v - 1. Suppose 2*r = -3*u + 16, -2*u = -0*u + r - 10. Let d = 4 - u. Let f be (d - -5)*2/2. Determine x(f).
4
Let b = 8 - 3. Suppose -b*y = 5*j - 0*y + 25, -j + 3*y + 15 = 0. Let f(g) = 3*g + 6. Let z(p) = -4*p - 6. Let s(d) = 3*f(d) + 2*z(d). What is s(j)?
6
Let n(z) = z**3 + 2*z**2 - 5*z - 4. Suppose -4*v + 4*l = 12, -4*l + 0*l = -5*v - 15. Give n(v).
2
Let t = -14 - -17. Suppose v - 2 = -v. Let h(w) = -4 - w - v + w**2 + t*w. Determine h(-4).
3
Suppose -5 = -4*p + 7. Suppose -7 = -2*d + 1. Let o(b) = -p + d + 2 + 3*b. Determine o(-2).
-3
Suppose 12 = 3*f - 6*f. Let t(u) = -u - 9. Let i(s) = -1. Let z(m) = 6*i(m) - t(m). Determine z(f